{"version":"1.0","provider_name":"CESE","provider_url":"https:\/\/www.cese.ma\/en\/","author_name":"CESE@2023","author_url":"https:\/\/www.cese.ma\/en\/author\/cese2023\/","title":"Economic and social inclusion of street vendors","type":"rich","width":600,"height":338,"html":"<blockquote class=\"wp-embedded-content\" data-secret=\"n4NQ2PMwwW\"><a href=\"https:\/\/www.cese.ma\/en\/docs\/integration-economique-et-sociale-des-marchands-ambulants\/\">Economic and social inclusion of street vendors<\/a><\/blockquote><iframe sandbox=\"allow-scripts\" security=\"restricted\" src=\"https:\/\/www.cese.ma\/en\/docs\/integration-economique-et-sociale-des-marchands-ambulants\/embed\/#?secret=n4NQ2PMwwW\" width=\"600\" height=\"338\" title=\"&#8220;Economic and social inclusion of street vendors&#8221; &#8212; CESE\" data-secret=\"n4NQ2PMwwW\" frameborder=\"0\" marginwidth=\"0\" marginheight=\"0\" scrolling=\"no\" class=\"wp-embedded-content\"><\/iframe><script>\n\/*! This file is auto-generated *\/\n!function(d,l){\"use strict\";l.querySelector&&d.addEventListener&&\"undefined\"!=typeof URL&&(d.wp=d.wp||{},d.wp.receiveEmbedMessage||(d.wp.receiveEmbedMessage=function(e){var t=e.data;if((t||t.secret||t.message||t.value)&&!\/[^a-zA-Z0-9]\/.test(t.secret)){for(var s,r,n,a=l.querySelectorAll('iframe[data-secret=\"'+t.secret+'\"]'),o=l.querySelectorAll('blockquote[data-secret=\"'+t.secret+'\"]'),c=new RegExp(\"^https?:$\",\"i\"),i=0;i<o.length;i++)o[i].style.display=\"none\";for(i=0;i<a.length;i++)s=a[i],e.source===s.contentWindow&&(s.removeAttribute(\"style\"),\"height\"===t.message?(1e3<(r=parseInt(t.value,10))?r=1e3:~~r<200&&(r=200),s.height=r):\"link\"===t.message&&(r=new URL(s.getAttribute(\"src\")),n=new URL(t.value),c.test(n.protocol))&&n.host===r.host&&l.activeElement===s&&(d.top.location.href=t.value))}},d.addEventListener(\"message\",d.wp.receiveEmbedMessage,!1),l.addEventListener(\"DOMContentLoaded\",function(){for(var e,t,s=l.querySelectorAll(\"iframe.wp-embedded-content\"),r=0;r<s.length;r++)(t=(e=s[r]).getAttribute(\"data-secret\"))||(t=Math.random().toString(36).substring(2,12),e.src+=\"#?secret=\"+t,e.setAttribute(\"data-secret\",t)),e.contentWindow.postMessage({message:\"ready\",secret:t},\"*\")},!1)))}(window,document);\n\/\/# sourceURL=https:\/\/www.cese.ma\/oojisheh\/js\/wp-embed.min.js\n<\/script>\n","thumbnail_url":"https:\/\/www.cese.ma\/media\/2023\/11\/marchands-ambulants3.png","thumbnail_width":2501,"thumbnail_height":1407,"description":"Le commerce ambulant pose d'\u00e9pineux probl\u00e8mes aux pouvoirs publics tant au niveau central qu'au niveau local. En effet, le nombre de marchands ambulants ne cesse d'augmenter \u00e0 un rythme qui \u00e9chappe au contr\u00f4le des pouvoirs publics.\u00a0Il est vrai que le commerce ambulant joue un r\u00f4le socio\u00e9conomique important en tant que d\u00e9bouch\u00e9 pour la production nationale et secteur occupant un nombre relativement important d\u2019une main d'\u0153uvre faiblement qualifi\u00e9e. Mais la prolif\u00e9ration de ce commerce favorise la pr\u00e9carit\u00e9 sur le march\u00e9 de l'emploi, exerce une concurrence d\u00e9loyale vis-\u00e0-vis du secteur formel et p\u00e9nalise l'\u00e9conomie nationale, avec un manque \u00e0 gagner en mati\u00e8re de recettes fiscales. Il pose \u00e9galement des probl\u00e8mes d\u2019encombrement et d\u2019occupation ill\u00e9gale de l\u2019espace public, d\u2019hygi\u00e8ne, de salubrit\u00e9, de tranquillit\u00e9 publique et de s\u00e9curit\u00e9 des citoyens.Aussi, est-il il primordial et urgent d\u2019adopter et mettre en \u0153uvre les mesures n\u00e9cessaires permettant de r\u00e9ussir l\u2019int\u00e9gration \u00e9conomique et sociale des marchands ambulants. Conscient du caract\u00e8re critique de ce sujet, le CESE plaide, \u00e0 travers cet avis, pour la mise en place d\u2019une strat\u00e9gie nationale pour l\u2019int\u00e9gration \u00e9conomique et sociale des marchands ambulants selon une approche participative."}

Le commerce ambulant pose d'épineux problèmes aux pouvoirs publics tant au niveau central qu'au niveau local. En effet, le nombre de marchands ambulants ne cesse d'augmenter à un rythme qui échappe au contrôle des pouvoirs publics. Il est vrai que le commerce ambulant joue un rôle socioéconomique important en tant que débouché pour la production nationale et secteur occupant un nombre relativement important d’une main d'œuvre faiblement qualifiée. Mais la prolifération de ce commerce favorise la précarité sur le marché de l'emploi, exerce une concurrence déloyale vis-à-vis du secteur formel et pénalise l'économie nationale, avec un manque à gagner en matière de recettes fiscales. Il pose également des problèmes d’encombrement et d’occupation illégale de l’espace public, d’hygiène, de salubrité, de tranquillité publique et de sécurité des citoyens.Aussi, est-il il primordial et urgent d’adopter et mettre en œuvre les mesures nécessaires permettant de réussir l’intégration économique et sociale des marchands ambulants. Conscient du caractère critique de ce sujet, le CESE plaide, à travers cet avis, pour la mise en place d’une stratégie nationale pour l’intégration économique et sociale des marchands ambulants selon une approche participative.
